{"id":59,"date":"2026-04-01T12:44:46","date_gmt":"2026-04-01T10:44:46","guid":{"rendered":"https:\/\/www.biljardklub-gomes.com\/?page_id=59"},"modified":"2026-04-06T11:25:56","modified_gmt":"2026-04-06T09:25:56","slug":"hram-slavnih","status":"publish","type":"page","link":"https:\/\/www.biljardklub-gomes.com\/index.php\/hram-slavnih\/","title":{"rendered":"HRAM SLAVNIH"},"content":{"rendered":"\t\t<div data-elementor-type=\"wp-post\" data-elementor-id=\"59\" class=\"elementor elementor-59\">\n\t\t\t\t<div class=\"elementor-element elementor-element-361b4731 e-flex e-con-boxed e-con e-parent\" data-id=\"361b4731\" data-element_type=\"container\" data-e-type=\"container\">\n\t\t\t\t\t<div class=\"e-con-inner\">\n\t\t\t\t<div class=\"elementor-element elementor-element-1cfc41f8 elementor-widget elementor-widget-text-editor\" data-id=\"1cfc41f8\" data-element_type=\"widget\" data-e-type=\"widget\" data-widget_type=\"text-editor.default\">\n\t\t\t\t\t\t\t\t\t<p><br \/><br \/><\/p>\t\t\t\t\t\t\t\t<\/div>\n\t\t\t\t\t<\/div>\n\t\t\t\t<\/div>\n\t\t<div class=\"elementor-element elementor-element-4682f1f6 e-con-full e-flex e-con e-parent\" data-id=\"4682f1f6\" data-element_type=\"container\" data-e-type=\"container\">\n\t\t\t\t\t\t\t\n\t\t\t<a\n\t\t\t\t\t\thref=\"https:\/\/www.biljardklub-gomes.com\/\"\n\t\t\tclass=\"e-image-link-base\"\n\t\t\ttarget=\"_self\"\n\t\t\tdata-interaction-id=\"e9bc4fa\"\n\t\t>\n\t\t<img class=\"e-image-base e-e9bc4fa-343be09\" \n\t\t \n\t\t \n\t\t\t\t\t\t\t\t\tid=\"345\"\n\t\t\t\t\t\t\t\t\t\t\t\tsrc=\"https:\/\/www.biljardklub-gomes.com\/wp-content\/uploads\/2026\/04\/26-25-LET-LOGO-MINI-crni.png\"\n\t\t\t\t\t\t\t\t\t\t\t\twidth=\"228\"\n\t\t\t\t\t\t\t\t\t\t\t\theight=\"149\"\n\t\t\t\t\t\t\t\t\t\t\t\tsrcset=\"\"\n\t\t\t\t\t\t\t\t\t\t\t\talt=\"\"\n\t\t\t\t\t\t\/>\n\t\t\t<\/a>\n\t\t\t\t\t<\/div>\n\t\t<div class=\"elementor-element elementor-element-36eab53d e-flex e-con-boxed e-con e-parent\" data-id=\"36eab53d\" data-element_type=\"container\" data-e-type=\"container\">\n\t\t\t\t\t<div class=\"e-con-inner\">\n\t\t\t\t<div class=\"elementor-element elementor-element-393be015 elementor-widget elementor-widget-text-editor\" data-id=\"393be015\" data-element_type=\"widget\" data-e-type=\"widget\" data-widget_type=\"text-editor.default\">\n\t\t\t\t\t\t\t\t\t<p style=\"text-align: center;\">Od leta 2000 so na\u0161i \u010dlani osvojili medalje na Evropskih in Svetovnih prvenstvih, desetine naslovov dr\u017eavnih prvakov in ponesli imena\u0161ega kluba v svet.<\/p><p style=\"text-align: center;\">Na tej strani so predstavljeni dobitniki posebnih klubskih priznanj.<\/p>\t\t\t\t\t\t\t\t<\/div>\n\t\t\t\t\t<\/div>\n\t\t\t\t<\/div>\n\t\t<div class=\"elementor-element elementor-element-7c1a6f7 e-grid e-con-boxed e-con e-parent\" data-id=\"7c1a6f7\" data-element_type=\"container\" data-e-type=\"container\">\n\t\t\t\t\t<div class=\"e-con-inner\">\n\t\t\t\t\t\t\t\n\t\t<img class=\"e-image-base \" \n\t\t\t\t\tdata-interaction-id=\"3ca73ad\" \n\t\t \n\t\t \n\t\t\t\t\t\t\t\t\tid=\"299\"\n\t\t\t\t\t\t\t\t\t\t\t\tsrc=\"https:\/\/www.biljardklub-gomes.com\/wp-content\/uploads\/2026\/04\/slacek-medalja.jpeg\"\n\t\t\t\t\t\t\t\t\t\t\t\twidth=\"1080\"\n\t\t\t\t\t\t\t\t\t\t\t\theight=\"1440\"\n\t\t\t\t\t\t\t\t\t\t\t\tsrcset=\"https:\/\/www.biljardklub-gomes.com\/wp-content\/uploads\/2026\/04\/slacek-medalja.jpeg 1080w, https:\/\/www.biljardklub-gomes.com\/wp-content\/uploads\/2026\/04\/slacek-medalja-225x300.jpeg 225w, https:\/\/www.biljardklub-gomes.com\/wp-content\/uploads\/2026\/04\/slacek-medalja-768x1024.jpeg 768w\"\n\t\t\t\t\t\t\t\t\t\t\t\talt=\"\"\n\t\t\t\t\t\t\/>\n\t\t\t\t\t<div class=\"elementor-element elementor-element-790e191 elementor-widget elementor-widget-text-editor\" data-id=\"790e191\" data-element_type=\"widget\" data-e-type=\"widget\" data-widget_type=\"text-editor.default\">\n\t\t\t\t\t\t\t\t\t<p style=\"text-align: center;\">ZLATO PRIZNANJE<\/p><p style=\"text-align: center;\">DAVID SLA\u010cEK<\/p><p style=\"text-align: center;\">3. mesto &#8211; SP Heyball 2025<br \/>5. mesto &#8211; SP Heyball 2024<\/p><p style=\"text-align: center;\">Para\u0161portnik leta mesta Maribor 2025<\/p><p style=\"text-align: center;\">1X 2. mesto, 4X 3. mesto na EP<\/p>\t\t\t\t\t\t\t\t<\/div>\n\t\t\t\t\t\t\t\n\t\t<img class=\"e-image-base \" \n\t\t\t\t\tdata-interaction-id=\"a4d9d9e\" \n\t\t \n\t\t \n\t\t\t\t\t\t\t\t\tid=\"300\"\n\t\t\t\t\t\t\t\t\t\t\t\tsrc=\"https:\/\/www.biljardklub-gomes.com\/wp-content\/uploads\/2026\/04\/slacek-med-igro.jpg\"\n\t\t\t\t\t\t\t\t\t\t\t\twidth=\"2048\"\n\t\t\t\t\t\t\t\t\t\t\t\theight=\"1536\"\n\t\t\t\t\t\t\t\t\t\t\t\tsrcset=\"https:\/\/www.biljardklub-gomes.com\/wp-content\/uploads\/2026\/04\/slacek-med-igro.jpg 2048w, https:\/\/www.biljardklub-gomes.com\/wp-content\/uploads\/2026\/04\/slacek-med-igro-300x225.jpg 300w, https:\/\/www.biljardklub-gomes.com\/wp-content\/uploads\/2026\/04\/slacek-med-igro-1024x768.jpg 1024w, https:\/\/www.biljardklub-gomes.com\/wp-content\/uploads\/2026\/04\/slacek-med-igro-768x576.jpg 768w, https:\/\/www.biljardklub-gomes.com\/wp-content\/uploads\/2026\/04\/slacek-med-igro-1536x1152.jpg 1536w\"\n\t\t\t\t\t\t\t\t\t\t\t\talt=\"\"\n\t\t\t\t\t\t\/>\n\t\t\t\t\t\t<\/div>\n\t\t\t\t<\/div>\n\t\t<div class=\"elementor-element elementor-element-3429ac1 e-grid e-con-boxed e-con e-parent\" data-id=\"3429ac1\" data-element_type=\"container\" data-e-type=\"container\">\n\t\t\t\t\t<div class=\"e-con-inner\">\n\t\t\t\t\t\t\t\n\t\t<img class=\"e-image-base \" \n\t\t\t\t\tdata-interaction-id=\"65e5177\" \n\t\t \n\t\t \n\t\t\t\t\t\t\t\t\tid=\"297\"\n\t\t\t\t\t\t\t\t\t\t\t\tsrc=\"https:\/\/www.biljardklub-gomes.com\/wp-content\/uploads\/2026\/04\/cveto-medalja.jpg\"\n\t\t\t\t\t\t\t\t\t\t\t\twidth=\"1500\"\n\t\t\t\t\t\t\t\t\t\t\t\theight=\"968\"\n\t\t\t\t\t\t\t\t\t\t\t\tsrcset=\"https:\/\/www.biljardklub-gomes.com\/wp-content\/uploads\/2026\/04\/cveto-medalja.jpg 1500w, https:\/\/www.biljardklub-gomes.com\/wp-content\/uploads\/2026\/04\/cveto-medalja-300x194.jpg 300w, https:\/\/www.biljardklub-gomes.com\/wp-content\/uploads\/2026\/04\/cveto-medalja-1024x661.jpg 1024w, https:\/\/www.biljardklub-gomes.com\/wp-content\/uploads\/2026\/04\/cveto-medalja-768x496.jpg 768w\"\n\t\t\t\t\t\t\t\t\t\t\t\talt=\"\"\n\t\t\t\t\t\t\/>\n\t\t\t\t\t<div class=\"elementor-element elementor-element-283f275 elementor-widget elementor-widget-text-editor\" data-id=\"283f275\" data-element_type=\"widget\" data-e-type=\"widget\" data-widget_type=\"text-editor.default\">\n\t\t\t\t\t\t\t\t\t<p style=\"text-align: center;\">SREBRNO PRIZNANJE<\/p><p style=\"text-align: center;\"><span class=\"x193iq5w xeuugli x13faqbe x1vvkbs x1xmvt09 x1lliihq x1s928wv xhkezso x1gmr53x x1cpjm7i x1fgarty x1943h6x xudqn12 x3x7a5m x6prxxf xvq8zen xo1l8bm xzsf02u\" dir=\"auto\">CVETKO VEGAN<br \/>3. mesto EP za stoje\u010de invalide<br \/>9. mesto &#8211; SP Heyball 2024<\/span><\/p><p style=\"text-align: center;\"><span class=\"x193iq5w xeuugli x13faqbe x1vvkbs x1xmvt09 x1lliihq x1s928wv xhkezso x1gmr53x x1cpjm7i x1fgarty x1943h6x xudqn12 x3x7a5m x6prxxf xvq8zen xo1l8bm xzsf02u\" dir=\"auto\">MATJA\u017d ER\u010cULJ<br \/><\/span><span class=\"x193iq5w xeuugli x13faqbe x1vvkbs x1xmvt09 x1lliihq x1s928wv xhkezso x1gmr53x x1cpjm7i x1fgarty x1943h6x xudqn12 x3x7a5m x6prxxf xvq8zen xo1l8bm xzsf02u\" dir=\"auto\">Prvi Slovenec s \u010dlansko medaljo na EP &#8211; 3. mesto 8ball 2005<br \/>Najtrofejnej\u0161i Slovenec na DP<\/span><\/p><p style=\"text-align: center;\"><span class=\"x193iq5w xeuugli x13faqbe x1vvkbs x1xmvt09 x1lliihq x1s928wv xhkezso x1gmr53x x1cpjm7i x1fgarty x1943h6x xudqn12 x3x7a5m x6prxxf xvq8zen xo1l8bm xzsf02u\" dir=\"auto\">ANA GRADI\u0160NIK <br \/>1X <\/span><span class=\"x193iq5w xeuugli x13faqbe x1vvkbs x1xmvt09 x1lliihq x1s928wv xhkezso x1gmr53x x1cpjm7i x1fgarty x1943h6x xudqn12 x3x7a5m x6prxxf xvq8zen xo1l8bm xzsf02u\" dir=\"auto\">2. mesto in 2X 3. mesto na EP<br \/>2. mesto Eurotour za \u017eenske<br \/>Zlati znak OKS<\/span><\/p><p style=\"text-align: center;\"><span class=\"x193iq5w xeuugli x13faqbe x1vvkbs x1xmvt09 x1lliihq x1s928wv xhkezso x1gmr53x x1cpjm7i x1fgarty x1943h6x xudqn12 x3x7a5m x6prxxf xvq8zen xo1l8bm xzsf02u\" dir=\"auto\">\u0160ANDOR TOT<br \/><\/span><span class=\"x193iq5w xeuugli x13faqbe x1vvkbs x1xmvt09 x1lliihq x1s928wv xhkezso x1gmr53x x1cpjm7i x1fgarty x1943h6x xudqn12 x3x7a5m x6prxxf xvq8zen xo1l8bm xzsf02u\" dir=\"auto\">Evropski prvak med veterani<br \/><\/span>Legenda biljarda na Balkanu<\/p>\t\t\t\t\t\t\t\t<\/div>\n\t\t\t\t\t\t\t\n\t\t<img class=\"e-image-base \" \n\t\t\t\t\tdata-interaction-id=\"fb6b1c8\" \n\t\t \n\t\t \n\t\t\t\t\t\t\t\t\tid=\"301\"\n\t\t\t\t\t\t\t\t\t\t\t\tsrc=\"https:\/\/www.biljardklub-gomes.com\/wp-content\/uploads\/2026\/04\/sandor-evropski-prvak.jpg\"\n\t\t\t\t\t\t\t\t\t\t\t\twidth=\"503\"\n\t\t\t\t\t\t\t\t\t\t\t\theight=\"960\"\n\t\t\t\t\t\t\t\t\t\t\t\tsrcset=\"https:\/\/www.biljardklub-gomes.com\/wp-content\/uploads\/2026\/04\/sandor-evropski-prvak.jpg 503w, https:\/\/www.biljardklub-gomes.com\/wp-content\/uploads\/2026\/04\/sandor-evropski-prvak-157x300.jpg 157w\"\n\t\t\t\t\t\t\t\t\t\t\t\talt=\"\"\n\t\t\t\t\t\t\/>\n\t\t\t\t\t\t<\/div>\n\t\t\t\t<\/div>\n\t\t<div class=\"elementor-element elementor-element-27527f8 e-grid e-con-boxed e-con e-parent\" data-id=\"27527f8\" data-element_type=\"container\" data-e-type=\"container\">\n\t\t\t\t\t<div class=\"e-con-inner\">\n\t\t\t\t\t\t\t\n\t\t<img class=\"e-image-base \" \n\t\t\t\t\tdata-interaction-id=\"529b3b1\" \n\t\t \n\t\t \n\t\t\t\t\t\t\t\t\tid=\"304\"\n\t\t\t\t\t\t\t\t\t\t\t\tsrc=\"https:\/\/www.biljardklub-gomes.com\/wp-content\/uploads\/2026\/04\/erculj.jpeg\"\n\t\t\t\t\t\t\t\t\t\t\t\twidth=\"1440\"\n\t\t\t\t\t\t\t\t\t\t\t\theight=\"811\"\n\t\t\t\t\t\t\t\t\t\t\t\tsrcset=\"https:\/\/www.biljardklub-gomes.com\/wp-content\/uploads\/2026\/04\/erculj.jpeg 1440w, https:\/\/www.biljardklub-gomes.com\/wp-content\/uploads\/2026\/04\/erculj-300x169.jpeg 300w, https:\/\/www.biljardklub-gomes.com\/wp-content\/uploads\/2026\/04\/erculj-1024x577.jpeg 1024w, https:\/\/www.biljardklub-gomes.com\/wp-content\/uploads\/2026\/04\/erculj-768x433.jpeg 768w\"\n\t\t\t\t\t\t\t\t\t\t\t\talt=\"\"\n\t\t\t\t\t\t\/>\n\t\t\t\t\t<div class=\"elementor-element elementor-element-6a93eb5 elementor-widget elementor-widget-text-editor\" data-id=\"6a93eb5\" data-element_type=\"widget\" data-e-type=\"widget\" data-widget_type=\"text-editor.default\">\n\t\t\t\t\t\t\t\t\t<p style=\"text-align: center;\">BRONASTO PRIZNANJE<\/p><p style=\"text-align: center;\">Vsaj 10 naslovov dr\u017eavnega prvaka<\/p><p style=\"text-align: center;\">MIHAEL \u0160TRUCL<\/p><p style=\"text-align: center;\">ALEN SIMONI\u010c &#8211; SISI<\/p>\t\t\t\t\t\t\t\t<\/div>\n\t\t\t\t\t\t\t\n\t\t<img class=\"e-image-base \" \n\t\t\t\t\tdata-interaction-id=\"6b54b78\" \n\t\t \n\t\t \n\t\t\t\t\t\t\t\t\tid=\"303\"\n\t\t\t\t\t\t\t\t\t\t\t\tsrc=\"https:\/\/www.biljardklub-gomes.com\/wp-content\/uploads\/2026\/04\/medalje-dp.jpg\"\n\t\t\t\t\t\t\t\t\t\t\t\twidth=\"960\"\n\t\t\t\t\t\t\t\t\t\t\t\theight=\"720\"\n\t\t\t\t\t\t\t\t\t\t\t\tsrcset=\"https:\/\/www.biljardklub-gomes.com\/wp-content\/uploads\/2026\/04\/medalje-dp.jpg 960w, https:\/\/www.biljardklub-gomes.com\/wp-content\/uploads\/2026\/04\/medalje-dp-300x225.jpg 300w, https:\/\/www.biljardklub-gomes.com\/wp-content\/uploads\/2026\/04\/medalje-dp-768x576.jpg 768w\"\n\t\t\t\t\t\t\t\t\t\t\t\talt=\"\"\n\t\t\t\t\t\t\/>\n\t\t\t\t\t\t<\/div>\n\t\t\t\t<\/div>\n\t\t<div class=\"elementor-element elementor-element-29ab81f e-grid e-con-boxed e-con e-parent\" data-id=\"29ab81f\" data-element_type=\"container\" data-e-type=\"container\">\n\t\t\t\t\t<div class=\"e-con-inner\">\n\t\t\t\t\t\t\t\n\t\t<img class=\"e-image-base \" \n\t\t\t\t\tdata-interaction-id=\"837520a\" \n\t\t \n\t\t \n\t\t\t\t\t\t\t\t\tid=\"302\"\n\t\t\t\t\t\t\t\t\t\t\t\tsrc=\"https:\/\/www.biljardklub-gomes.com\/wp-content\/uploads\/2026\/04\/sprejem-ani-z-medaljo.jpg\"\n\t\t\t\t\t\t\t\t\t\t\t\twidth=\"960\"\n\t\t\t\t\t\t\t\t\t\t\t\theight=\"540\"\n\t\t\t\t\t\t\t\t\t\t\t\tsrcset=\"https:\/\/www.biljardklub-gomes.com\/wp-content\/uploads\/2026\/04\/sprejem-ani-z-medaljo.jpg 960w, https:\/\/www.biljardklub-gomes.com\/wp-content\/uploads\/2026\/04\/sprejem-ani-z-medaljo-300x169.jpg 300w, https:\/\/www.biljardklub-gomes.com\/wp-content\/uploads\/2026\/04\/sprejem-ani-z-medaljo-768x432.jpg 768w\"\n\t\t\t\t\t\t\t\t\t\t\t\talt=\"\"\n\t\t\t\t\t\t\/>\n\t\t\t\t\t<div class=\"elementor-element elementor-element-6409321 elementor-widget elementor-widget-text-editor\" data-id=\"6409321\" data-element_type=\"widget\" data-e-type=\"widget\" data-widget_type=\"text-editor.default\">\n\t\t\t\t\t\t\t\t\t<p style=\"text-align: center;\"><span class=\"x193iq5w xeuugli x13faqbe x1vvkbs x1xmvt09 x1lliihq x1s928wv xhkezso x1gmr53x x1cpjm7i x1fgarty x1943h6x xudqn12 x3x7a5m x6prxxf xvq8zen xo1l8bm xzsf02u\" dir=\"auto\">POSEBNE ZAHVALE<\/span><\/p><p style=\"text-align: center;\"><span class=\"x193iq5w xeuugli x13faqbe x1vvkbs x1xmvt09 x1lliihq x1s928wv xhkezso x1gmr53x x1cpjm7i x1fgarty x1943h6x xudqn12 x3x7a5m x6prxxf xvq8zen xo1l8bm xzsf02u\" dir=\"auto\">BENO MESSNER<br \/>Ni kluba brez njega<\/span><\/p><p style=\"text-align: center;\"><span class=\"x193iq5w xeuugli x13faqbe x1vvkbs x1xmvt09 x1lliihq x1s928wv xhkezso x1gmr53x x1cpjm7i x1fgarty x1943h6x xudqn12 x3x7a5m x6prxxf xvq8zen xo1l8bm xzsf02u\" dir=\"auto\">ALJO\u0160A GOMZI<br \/>Ustanovitelj kluba<\/span><\/p><p style=\"text-align: center;\">BO\u0160TJAN MESSNER<br \/>Ustanovitelj kluba in sponzor<\/p><p style=\"text-align: center;\">BARBARA GAVEZ<br \/>Medijska podpora<\/p><p style=\"text-align: center;\">KRISTIJAN GAVEZ<br \/>Pobudnik \u010cetrtkovih turnirjev in pionir rednih tedenskih turnirjev v Sloveniji<\/p><p style=\"text-align: center;\">DARKO PAPI\u010c<br \/>Modernizacija kluba<\/p><p style=\"text-align: center;\">DAMJAN PU\u010cNIK<br \/>Dolgoletni sponzor<\/p><p style=\"text-align: center;\">BO\u0160TJAN SATLER<br \/>Dolgoletni sponzor<br \/>Prvi sponzor Rekreativne in Prehodne lige<\/p>\t\t\t\t\t\t\t\t<\/div>\n\t\t\t\t\t\t\t\n\t\t<img class=\"e-image-base \" \n\t\t\t\t\tdata-interaction-id=\"9489715\" \n\t\t \n\t\t \n\t\t\t\t\t\t\t\t\tid=\"308\"\n\t\t\t\t\t\t\t\t\t\t\t\tsrc=\"https:\/\/www.biljardklub-gomes.com\/wp-content\/uploads\/2026\/04\/gomeszmaguje.jpeg\"\n\t\t\t\t\t\t\t\t\t\t\t\twidth=\"1440\"\n\t\t\t\t\t\t\t\t\t\t\t\theight=\"1164\"\n\t\t\t\t\t\t\t\t\t\t\t\tsrcset=\"https:\/\/www.biljardklub-gomes.com\/wp-content\/uploads\/2026\/04\/gomeszmaguje.jpeg 1440w, https:\/\/www.biljardklub-gomes.com\/wp-content\/uploads\/2026\/04\/gomeszmaguje-300x243.jpeg 300w, https:\/\/www.biljardklub-gomes.com\/wp-content\/uploads\/2026\/04\/gomeszmaguje-1024x828.jpeg 1024w, https:\/\/www.biljardklub-gomes.com\/wp-content\/uploads\/2026\/04\/gomeszmaguje-768x621.jpeg 768w\"\n\t\t\t\t\t\t\t\t\t\t\t\talt=\"\"\n\t\t\t\t\t\t\/>\n\t\t\t\t\t\t<\/div>\n\t\t\t\t<\/div>\n\t\t<div class=\"elementor-element elementor-element-40f1a2da e-flex e-con-boxed e-con e-parent\" data-id=\"40f1a2da\" data-element_type=\"container\" data-e-type=\"container\">\n\t\t\t\t\t<div class=\"e-con-inner\">\n\t\t\t\t<div class=\"elementor-element elementor-element-736151dd elementor-widget elementor-widget-google_maps\" data-id=\"736151dd\" data-element_type=\"widget\" data-e-type=\"widget\" data-widget_type=\"google_maps.default\">\n\t\t\t\t\t\t\t<div class=\"elementor-custom-embed\">\n\t\t\t<iframe loading=\"lazy\"\n\t\t\t\t\tsrc=\"https:\/\/maps.google.com\/maps?q=biljard%20klub%20gomes&#038;t=m&#038;z=15&#038;output=embed&#038;iwloc=near\"\n\t\t\t\t\ttitle=\"biljard klub gomes\"\n\t\t\t\t\taria-label=\"biljard klub gomes\"\n\t\t\t><\/iframe>\n\t\t<\/div>\n\t\t\t\t\t\t<\/div>\n\t\t\t\t\t<\/div>\n\t\t\t\t<\/div>\n\t\t\t\t<\/div>\n\t\t","protected":false},"excerpt":{"rendered":"<p>Od leta 2000 so na\u0161i \u010dlani osvojili medalje na Evropskih in Svetovnih prvenstvih, desetine naslovov dr\u017eavnih prvakov in ponesli imena\u0161ega [&hellip;]<\/p>\n","protected":false},"author":1,"featured_media":0,"parent":0,"menu_order":0,"comment_status":"closed","ping_status":"closed","template":"","meta":{"site-sidebar-layout":"no-sidebar","site-content-layout":"","ast-site-content-layout":"full-width-container","site-content-style":"default","site-sidebar-style":"default","ast-global-header-display":"","ast-banner-title-visibility":"","ast-main-header-display":"","ast-hfb-above-header-display":"","ast-hfb-below-header-display":"","ast-hfb-mobile-header-display":"","site-post-title":"disabled","ast-breadcrumbs-content":"","ast-featured-img":"disabled","footer-sml-layout":"disabled","ast-disable-related-posts":"","theme-transparent-header-meta":"","adv-header-id-meta":"","stick-header-meta":"","header-above-stick-meta":"","header-main-stick-meta":"","header-below-stick-meta":"","astra-migrate-meta-layouts":"default","ast-page-background-enabled":"default","ast-page-background-meta":{"desktop":{"background-color":"var(--ast-global-color-4)","background-image":"","background-repeat":"repeat","background-position":"center center","background-size":"auto","background-attachment":"scroll","background-type":"","background-media":"","overlay-type":"","overlay-color":"","overlay-opacity":"","overlay-gradient":""},"tablet":{"background-color":"","background-image":"","background-repeat":"repeat","background-position":"center center","background-size":"auto","background-attachment":"scroll","background-type":"","background-media":"","overlay-type":"","overlay-color":"","overlay-opacity":"","overlay-gradient":""},"mobile":{"background-color":"","background-image":"","background-repeat":"repeat","background-position":"center center","background-size":"auto","background-attachment":"scroll","background-type":"","background-media":"","overlay-type":"","overlay-color":"","overlay-opacity":"","overlay-gradient":""}},"ast-content-background-meta":{"desktop":{"background-color":"var(--ast-global-color-5)","background-image":"","background-repeat":"repeat","background-position":"center center","background-size":"auto","background-attachment":"scroll","background-type":"","background-media":"","overlay-type":"","overlay-color":"","overlay-opacity":"","overlay-gradient":""},"tablet":{"background-color":"var(--ast-global-color-5)","background-image":"","background-repeat":"repeat","background-position":"center center","background-size":"auto","background-attachment":"scroll","background-type":"","background-media":"","overlay-type":"","overlay-color":"","overlay-opacity":"","overlay-gradient":""},"mobile":{"background-color":"var(--ast-global-color-5)","background-image":"","background-repeat":"repeat","background-position":"center center","background-size":"auto","background-attachment":"scroll","background-type":"","background-media":"","overlay-type":"","overlay-color":"","overlay-opacity":"","overlay-gradient":""}},"footnotes":""},"class_list":["post-59","page","type-page","status-publish","hentry"],"_links":{"self":[{"href":"https:\/\/www.biljardklub-gomes.com\/index.php\/wp-json\/wp\/v2\/pages\/59","targetHints":{"allow":["GET"]}}],"collection":[{"href":"https:\/\/www.biljardklub-gomes.com\/index.php\/wp-json\/wp\/v2\/pages"}],"about":[{"href":"https:\/\/www.biljardklub-gomes.com\/index.php\/wp-json\/wp\/v2\/types\/page"}],"author":[{"embeddable":true,"href":"https:\/\/www.biljardklub-gomes.com\/index.php\/wp-json\/wp\/v2\/users\/1"}],"replies":[{"embeddable":true,"href":"https:\/\/www.biljardklub-gomes.com\/index.php\/wp-json\/wp\/v2\/comments?post=59"}],"version-history":[{"count":52,"href":"https:\/\/www.biljardklub-gomes.com\/index.php\/wp-json\/wp\/v2\/pages\/59\/revisions"}],"predecessor-version":[{"id":371,"href":"https:\/\/www.biljardklub-gomes.com\/index.php\/wp-json\/wp\/v2\/pages\/59\/revisions\/371"}],"wp:attachment":[{"href":"https:\/\/www.biljardklub-gomes.com\/index.php\/wp-json\/wp\/v2\/media?parent=59"}],"curies":[{"name":"wp","href":"https:\/\/api.w.org\/{rel}","templated":true}]}}